{"id":13,"date":"2011-02-05T12:18:45","date_gmt":"2011-02-05T12:18:45","guid":{"rendered":"http:\/\/kaegi.org\/?page_id=13"},"modified":"2018-05-10T15:26:04","modified_gmt":"2018-05-10T15:26:04","slug":"portrait","status":"publish","type":"page","link":"https:\/\/kaegi-family.ch\/?page_id=13","title":{"rendered":"Portrait"},"content":{"rendered":"<table style=\"height: 177px;\" border=\"0\" width=\"182\" cellspacing=\"0\" cellpadding=\"0\">\n<tbody>\n<tr>\n<td valign=\"top\" width=\"150\"><img decoding=\"async\" src=\"..\/old\/foto.jpg\" alt=\"\" border=\"0\" \/><\/td>\n<td valign=\"top\" width=\"100\"><\/td>\n<\/tr>\n<\/tbody>\n<\/table>\n<p><span style=\"text-decoration: underline;\">Zu meiner Person<\/span><\/p>\n<p>Ich heisse Hans Walter K\u00e4gi, bin am 29. Juli 1945 geboren, verheiratet und habe zwei erwachsene S\u00f6hne und zwei Enkelkinder. Aufgewachsen bin ich in Wolfhausen (Gemeinde Bubikon) und lebe heute in Fehraltorf. Dazwischen wohnte ich in Z\u00fcrich, Spreitenbach, Hombrechtikon und Dietlikon.<\/p>\n<p><span style=\"text-decoration: underline;\">Zu Ausbildung und Beruf<\/span><\/p>\n<p>Als Betriebs\u00f6konom HWV (FH) war ich w\u00e4hrend vieler Jahre in leitenden Funktionen in einem angesehenen Unternehmen der Erwachsenenfortbildung t\u00e4tig. Danach wurde ich zum Direktor eines Consulting-Unternehmens und Stellvertretenden VR-Pr\u00e4sidenten einer kleineren Unternehmensgruppe berufen. Meine letzten Berufsjahre bis zur Pensionierung 2009 verbrachte ich in leitender Funktion innerhalb der Verwaltung des Kantons Z\u00fcrich.<\/p>\n<p><span style=\"text-decoration: underline;\">Ausserberufliche T\u00e4tigkeiten<\/span><\/p>\n<p>W\u00e4hrend insgesamt 15 Jahren amtete ich auf Gemeindeebene als Schulpfleger mit den Ressorts Finanzen (Dietlikon) und Liegenschaften (Fehraltorf). Mit diesen Funktionen verbunden war auch die Mitwirkung in verschiedenen Kommissionen (u.a. Finanzplanungs- und Steuerkommission, Baukommission, Kulturkommission).<br \/>\nW\u00e4hrend vieler Jahre \u00fcbte ich auch die T\u00e4tigkeit aus als Experte an den Lehrabschlusspr\u00fcfungen der Kaufm\u00e4nnischen Berufsschule Z\u00fcrich.<br \/>\nIm April 2011 wurde ich zum Vorstandsmitglied der Antennengenossenschaft Fehraltorf gew\u00e4hlt (Ressort: Kommerz und Vizepr\u00e4sidium).<\/p>\n<p><span style=\"text-decoration: underline;\">Hobbies<\/span><\/p>\n<p>Enkelkinder h\u00fcten, Wandern (auch mit dem Seniorenverein), Fitness (Kraft &amp; Ausdauer), Ahnenforschung, Schreiben, Buchhaltung eines kleinen KMU, Delegierter und Revisor einer Stockwerkeigent\u00fcmergemeinschaft<\/p>\n","protected":false},"excerpt":{"rendered":"<p>Zu meiner Person Ich heisse Hans Walter K\u00e4gi, bin am 29. Juli 1945 geboren, verheiratet und habe zwei erwachsene S\u00f6hne und zwei Enkelkinder. Aufgewachsen bin ich in Wolfhausen (Gemeinde Bubikon) und lebe heute in Fehraltorf. Dazwischen wohnte ich in Z\u00fcrich, &hellip; <a href=\"https:\/\/kaegi-family.ch\/?page_id=13\">Weiterlesen <span class=\"meta-nav\">&rarr;<\/span><\/a><\/p>\n","protected":false},"author":1,"featured_media":0,"parent":0,"menu_order":2,"comment_status":"open","ping_status":"closed","template":"","meta":{"footnotes":""},"class_list":["post-13","page","type-page","status-publish","hentry"],"_links":{"self":[{"href":"https:\/\/kaegi-family.ch\/index.php?rest_route=\/wp\/v2\/pages\/13","targetHints":{"allow":["GET"]}}],"collection":[{"href":"https:\/\/kaegi-family.ch\/index.php?rest_route=\/wp\/v2\/pages"}],"about":[{"href":"https:\/\/kaegi-family.ch\/index.php?rest_route=\/wp\/v2\/types\/page"}],"author":[{"embeddable":true,"href":"https:\/\/kaegi-family.ch\/index.php?rest_route=\/wp\/v2\/users\/1"}],"replies":[{"embeddable":true,"href":"https:\/\/kaegi-family.ch\/index.php?rest_route=%2Fwp%2Fv2%2Fcomments&post=13"}],"version-history":[{"count":4,"href":"https:\/\/kaegi-family.ch\/index.php?rest_route=\/wp\/v2\/pages\/13\/revisions"}],"predecessor-version":[{"id":97,"href":"https:\/\/kaegi-family.ch\/index.php?rest_route=\/wp\/v2\/pages\/13\/revisions\/97"}],"wp:attachment":[{"href":"https:\/\/kaegi-family.ch\/index.php?rest_route=%2Fwp%2Fv2%2Fmedia&parent=13"}],"curies":[{"name":"wp","href":"https:\/\/api.w.org\/{rel}","templated":true}]}}